d a.
5
Suppose 3*c - 330 = -3*u - 0*u, 2*c - 224 = -4*u. What is the greatest common divisor of 27 and c?
27
Let t be (3/(-9))/((-2)/(-6)). Suppose -3*m + 3 = -2*m. Let j be (m - -1)/t - -48. What is the greatest common divisor of 4 and j?
4
Let o be (-3660)/(-5) - (-2 + 0). Let g be 1/(-2) + o/4. Let c = g - 108. Calculate the greatest common factor of c and 30.
15
Let r be 9/(108/8)*-12. Let h = r - -5. Let w be h - ((-3 - -3) + -39). Calculate the greatest common divisor of w and 18.
18
Let i = -51 + 107. Suppose -4*r - 124*m + 126*m + 18 = 0, 0 = 5*r - 3*m - 20. Calculate the greatest common factor of i and r.
7
Let b be ((-921)/6 + -1)*(-6 - 0). Let i be (-2)/(b/468 + -4 + 2). Calculate the greatest common factor of 8 and i.
8
Suppose -p - p - 4 = -4*z, -4 = 2*z. Let r = -1 - p. Suppose 5*s + 0 = r. What is the highest common divisor of s and 6?
1
Suppose -5 + 175 = 17*c. Calculate the greatest common divisor of c and 35.
5
Let k(r) = r**3 - 5*r**2 + 6*r + 4. Let c be k(4). Suppose 0 = j + d - c, 5*d - 5 = -3*j + 35. What is the highest common divisor of 40 and j?
10
Let n be 6*(299/(-6))/(-23). What is the highest common divisor of n and 169?
13
Let c(h) = h**2 + 20*h + 27. Let w be c(-19). Suppose -p + 37 + w = 0. Let o = 18 - 9. What is the greatest common divisor of o and p?
9
Let t(x) = 9*x - 37. Let c be t(6). Suppose 2*v = 4*k + 54, -k + 4*k = v - 32. What is the highest common factor of c and v?
17
Suppose 4*w + k - 10 = 0, -2*k + 6 + 2 = 2*w. Suppose -2*i = 2*l - 66, 4*l = -w*i - 6 + 72. What is the greatest common divisor of 11 and i?
11
Suppose 18*w - 70 - 92 = 0. What is the highest common divisor of 39 and w?
3
Let x(y) = 126*y**2 + 2*y + 1. Let d be x(-1). Suppose -d = -2*q - 49. What is the highest common divisor of 95 and q?
19
Let c = 197 - -307. What is the highest common divisor of c and 63?
63
Let r = 1082 - 29. What is the greatest common factor of r and 9?
9
Let q(p) = -p**3 + 9*p**2 + 9*p + 16. Let j = 54 + -44. Let x be q(j). Calculate the highest common divisor of 42 and x.
6
Suppose -5*c + 173 = -37. Suppose 57 = 11*r - c. Calculate the greatest common divisor of 36 and r.
9
Suppose 3*j = 4*j + 3*u + 98, -3*j + 2*u = 327. Let z = j + 152. Calculate the greatest common divisor of z and 18.
9
Let s = -32 + 44. Let m(v) = -v**2 + 1. Let g be m(-2). Let f be (81/(-12) - g)*-8. What is the highest common divisor of f and s?
6
Suppose -5*m + 13*m = 232. Calculate the greatest common divisor of 261 and m.
29
Let u be 44/(-88)*(-6 - 0). Let x be (-26)/(-4) + (-1)/2. Suppose 3*o = -d + 4*d - 345, -x = -u*o. What is the highest common divisor of 13 and d?
13
Let x(p) = p**3 - 12*p**2 - 41*p - 35. Let a be x(15). What is the highest common divisor of a and 55?
5
Let i(y) = y**2 - 3*y - 4. Let b be i(7). Let j be 4/b + -131*(-3)/18. Calculate the greatest common factor of 55 and j.
11
Let k be (-14)/10 + 1 - (-768)/20. Let x = 62 - k. Suppose 4*c - 3*c - 60 = 0. What is the highest common factor of c and x?
12
Suppose 67 = 2*m - h + 6*h, 2*m - 2*h = 32. Let w = -6 + m. Let i = -2 + 107. What is the greatest common divisor of w and i?
15
Let x be (0/(-1) - -1)*2. Let r be (-8)/(-32)*6/(-2)*-72. Suppose -3*y = -0*y + 3*j - r, -j = -y + 26. Calculate the highest common factor of y and x.
2
Suppose -193 = -2*o + h, 5*h + 83 = -6*o + 7*o. What is the highest common factor of o and 441?
49
Suppose 2*w + 20 = 4*w. Let k(p) = 11*p + 4. Let x be k(6). Let j = x - 66. What is the highest common divisor of w and j?
2
Let w be 15/4*9*(-48)/9. Let o be (-4)/30 - 2544/w. What is the greatest common divisor of o and 168?
14
Suppose -15*q + 11*q = 0. Suppose 6 = x + v, 0 = -5*x + 4*v - q*v + 75. Suppose 2*k = 25 - 3. Calculate the highest common divisor of x and k.
11
Let h = 23 + -16. Suppose 168 = 3*f + 5*m, -f + h*m + 56 = 5*m. Calculate the greatest common factor of 28 and f.
28
Let f be (27/(-6))/((-6)/56). Let h = f - 23. What is the greatest common divisor of 57 and h?
19
Let l be -30*4*(6 + -7). Calculate the highest common factor of 30 and l.
30
Let q = 24 + -40. Let d = q + 23. Suppose 28 = 4*m - 0*m. What is the highest common divisor of m and d?
7
Suppose 0 = -3*t - 11 - 7. Let k = 10 - t. What is the greatest common factor of 24 and k?
8
Let i = -73 + 155. Calculate the greatest common divisor of 1558 and i.
82
Let t = 79 - 3. Suppose -5*m = -m. Suppose h - 5*h + t = m. What is the greatest common divisor of 19 and h?
19
Let b(k) = -k**3 - 5*k**2 + 5*k + 380. Let x be b(0). What is the greatest common divisor of x and 475?
95
Let a be (-50)/(-4) - ((-3)/(-6) - 1). Calculate the greatest common factor of 2 and a.
1
Suppose -5*x + 571 = -0*g + 3*g, g = -2*x + 192. What is the highest common factor of g and 70?
14
Let j = 41 - 36. Let n = 15 - j. Calculate the greatest common divisor of 4 and n.
2
Let f be (-57)/(-9) - 2 - 2/6. Let m be ((-75)/6)/(f/(-8)) + 2. What is the greatest common factor of 9 and m?
9
Let g be (-190)/2185 - ((-8560)/46 + -2). Calculate the greatest common factor of 517 and g.
47
Let g(d) = 2*d**2 - 5*d + 5. Let w be g(5). Let r = 1057 + -1037. What is the greatest common factor of r and w?
10
Let u(y) = 4*y + 38. Let s be u(-10). Let b be 2*(s*(0 + 1))/(-4). What is the highest common factor of 9 and b?
1
Suppose 5*k + 5 + 20 = 0. Let g = 5 - k. Let v(x) = x**3 - 10*x**2 + 20*x + 44. Let a be v(6). What is the greatest common factor of a and g?
10
Let a = 528 + -526. Calculate the highest common factor of 86 and a.
2
Let f(p) = p**3 + p**2 - 4*p + 170. Let b be f(0). Calculate the greatest common divisor of b and 255.
85
Let y(o) = -5*o + 6. Let n(k) = 7*k**3 - 3*k - 2. Let a be n(-1). Let l be y(a). What is the greatest common factor of l and 9?
9
Let f be -5*7/(140/(-12)). Suppose 4*v - 36 = -g, 2*v - 1 - f = 0. Calculate the greatest common factor of 28 and g.
28
Let i(u) = -u**2 + 15*u + 12. Let s be i(15). Calculate the greatest common factor of 360 and s.
12
Let h be (-1)/(-4) - 191/(-4). Suppose 20*m - 16*m = h. What is the highest common factor of 60 and m?
12
Suppose -5*k + n = 96611, 3*k + 3*n = 24906 - 82887. Let u be 2/(-11) + k/(-99). Calculate the greatest common divisor of 78 and u.
39
Let u = -11 - -13. Let d be u/(-3)*(-132 - 0). What is the greatest common divisor of d and 11?
11
Suppose 3*z - 5*h = 360, -223 = -3*z - 2*h + 137. What is the highest common factor of 15 and z?
15
Let k = 169 - 166. Calculate the greatest common divisor of k and 159.
3
Suppose 17 = 3*p - 13. Let g be (-1 - -4)*80/24. Calculate the highest common factor of g and p.
10
Suppose 4*c - 825 + 323 = -2*o, 4*c + 281 = o. Let i = o + -186. Calculate the greatest common divisor of 25 and i.
25
Suppose 25*t - 29*t = 80. Let h = t + 54. Let n = 11 - -6. What is the greatest common factor of n and h?
17
Suppose -250 = j + j. Let u = -122 - j. Calculate the highest common divisor of u and 27.
3
Suppose 5*a + 8*g - 883 = 5*g, a = -2*g + 178. Calculate the greatest common divisor of 66 and a.
22
Let b be (4/18)/((-30)/(-270)). Suppose b*i - 20 = -16. What is the highest common divisor of i and 6?
2
Suppose -8 = -q + 1. Let r(a) = -q + 37*a + 1 + 14. Let l be r(3). Calculate the greatest common factor of l and 13.
13
Suppose 4*v - 704 = 184. Suppose 3*n - v = -0*n - 3*h, h + 358 = 5*n. What is the greatest common factor of 8 and n?
8
Let u be (-524)/(-9) - (-2)/(-9). Suppose 286 = 2*o + 5*g + u, 2*o - 5*g - 228 = 0. Suppose -f + 0*f + o = 0. Calculate the greatest common divisor of 19 and f.
19
Let v(f) = f**3 + 3*f**2 - 14*f. Let n be v(6). Suppose 0 = -4*o - 2*d + 1236, -680 - n = -3*o + 2*d. What is the highest common factor of 28 and o?
28
Suppose -273 = -0*l - 3*l. Let q(z) = z**3 - 61*z - 17. Let s be q(8). Calculate the highest common factor of l and s.
7
Suppose -2*c = 5*b - 192, 0*b + 2*b - 79 = -3*c. Let g be (1 - 2) + 57 + 1. Calculate the highest common factor of g and b.
19
Let a be 7*2/(-14)*-4. Suppose 0 = -2*v + a*s + 30, -4*v - 2 = 3*s - 18. What is the greatest common factor of 77 and v?
7
Let k = 2537 + -979. Calculate the highest common divisor of 38 and k.
38
Let s be (-1)/(-2) + (-546)/(-12) + -4. Calculate the greatest common divisor of 21 and s.
21
Let r(u) = -1. Let g(p) = -p - 10. Let h(s) = -g(